{"id":50,"date":"2011-12-28T13:20:22","date_gmt":"2011-12-28T13:20:22","guid":{"rendered":"http:\/\/www.taichi-lueth.ch\/?page_id=50"},"modified":"2021-03-11T09:34:18","modified_gmt":"2021-03-11T09:34:18","slug":"werdegang","status":"publish","type":"page","link":"https:\/\/www.taichi-lueth.ch\/?page_id=50","title":{"rendered":"Werdegang"},"content":{"rendered":"<table class=\"aligncenter\" style=\"width: 500px; height: 1356px;\" border=\"0\">\n<tbody>\n<tr style=\"background-image: url('http:\/\/www.taichi-lueth.ch\/wp-content\/uploads\/2011\/12\/Quadrat-Kopie.jpg');\">\n<td style=\"width: 36.54px;\"><\/td>\n<td style=\"width: 355.69px;\">\n<h2><strong><strong><strong><strong>Beruflicher Werdegang<\/strong><\/strong><\/strong><\/strong><\/h2>\n<p><span style=\"font-size: small;\"><strong>Jahrgang 1952<\/strong><\/span><\/td>\n<td style=\"width: 85.77px;\"><strong><strong><strong><strong><strong><strong><strong><strong><a href=\"http:\/\/www.taichi-lueth.ch\/wp-content\/uploads\/2011\/12\/faecher1.jpg\"><img loading=\"lazy\" decoding=\"async\" class=\"alignright\" title=\"faecher\" src=\"http:\/\/www.taichi-lueth.ch\/wp-content\/uploads\/2011\/12\/faecher1.jpg\" alt=\"\" width=\"150\" height=\"64\" \/><\/a><\/strong><\/strong><\/strong><\/strong><\/strong><\/strong><\/strong><\/strong><\/td>\n<\/tr>\n<tr style=\"background-image: url('http:\/\/www.taichi-lueth.ch\/wp-content\/uploads\/2011\/12\/Quadrat-Kopie.jpg');\">\n<td style=\"width: 36.54px; text-align: right;\"><\/td>\n<td style=\"width: 447.46px;\" colspan=\"2\"><strong><strong><strong><strong>Erstausbildung:<\/strong>\u00a0<\/strong><\/strong><\/strong>Jurastudium an der Universit\u00e4t Bern, Abschluss mit F\u00fcrsprecher Examen, w\u00e4hrend 3 Jahren als Juristin t\u00e4tig.<\/p>\n<p><strong><strong><strong><strong>Weiterbildung: <\/strong><\/strong><\/strong><\/strong>1977-1987 W\u00e4hrend des Studiums Kennenlernen des Tai Chi und Qigong. Daraufhin Start einer 10-j\u00e4hrigen kontinuierlichen Ausbildung bei folgenden Lehrern:<\/p>\n<ul>\n<li><strong>Kurt Dreyer: <\/strong>Tai Chi (Tai Chi Chuan)<\/li>\n<li><strong>Hans-Peter Sibler und Chungliang Al Huang: <\/strong>Erlernen der Wu Hsing Form \/5 Elemente Tai Ji sowie der sog. Tai Ji Kreise Nr. 1 \u2013 3<\/li>\n<li><strong>Yen Wen Tsui und Pik Kee Fung: <\/strong>Qigong-Kurse und Seminare<\/li>\n<li><strong>John Lash: Tai Chi Chih, Tai Chi Chuan<\/strong> (White Crane Tai Chi &#8211; auch bekannt als n\u00f6rdliches Shaolin Tai Chi Chuan) und Tai Chi Stab<\/li>\n<\/ul>\n<p><strong>Unterrichtst\u00e4tigkeiten:<\/strong><\/p>\n<p>1987 Aufbau einer ersten eigenen Tai Chi Klasse in Thun und Unterrichtst\u00e4tigkeit unter der Supervision des damaligen Hauptlehrers. In den folgenden Jahren kontinuierlicher Auf- und Ausbau der eigenen Unterrichtst\u00e4tigkeiten.<\/p>\n<ul>\n<li>1987-1996 Klubschule Migros in Biel<\/li>\n<li>1997-2000 Klubschule Migros Aare<\/li>\n<li>2000-2003 Nur noch Unterrichtst\u00e4tigkeit an der eigenen Schule in Bern<\/li>\n<li>2004 Aufnahme der Unterrichtst\u00e4tigkeit in Worb<\/li>\n<li>2007 Aufnahme der Unterrichtst\u00e4tigkeit in Muri<\/li>\n<\/ul>\n<p><strong>Themenspezifische Weiterbildungen:<\/strong><\/p>\n<ul>\n<li>1988 Abschied von der Juristerei und Ausbildung am Tamalpa Institut in Kentfield, Kalifornien: Environmental dance, Myths &amp; Rituals, Visualizations, Scoring, Communication Skills, Movement Ritual I, Dance Explorations (410 Stunden) Fortsetzung in Z\u00fcrich mit gentle dance etc.<\/li>\n<li>1992 Erlernen von Yi Jin Jing bei Hans-Peter Sibler vgl. gleichnamiges Buch.<\/li>\n<li>1994 Unterbruch der T\u00e4tigkeit als Tai Chi Lehrerin.<\/li>\n<li>5 w\u00f6chiger Aufenthalt und Weiterbildung an der Tai Chi Schule von John Shelfer, Thailand. Dabei Erlernen eines zweiten Tai Chi Chuan Stils (Tai Chi Chuan nach Cheng Man-ch\u2019ing) und Erlernen der Wudang-Schwertform.<\/li>\n<li>1995-1997 Ausbildung in medizinischem Qigong mit Wu Runjin, Qigong-Zentrum f\u00fcr chinesische Medizin in Konstanz. Seither allj\u00e4hrlich Weiterbildungskurse in medizinischem Qigong u.a.<\/li>\n<li>2001 Erlernen der \u201eTai Ji F\u00e4cher\u201c \u2013 Form nach Jian Gui-Yan, 42 Bewegungsfolgen.<\/li>\n<li>2002 Erlernen von \u201ebunte Wolken\u201c F\u00e4cher Qigong \/Cai Yunshan Qigong, sowie Tai Ji Kreise Nr. 4 und Nr. 5.<\/li>\n<li>2004 Erlernen von \u201eRegenbogen &#8211; F\u00e4cher &#8211; Tai Chi\u201c \u2013 Form vom Berg Kongtong<\/li>\n<li>ab 2004: allj\u00e4hrliche Weiterbildungen, haupts\u00e4chlich am Qigong Zentrum Konstanz<\/li>\n<\/ul>\n<\/td>\n<\/tr>\n<tr>\n<td style=\"width: 36.54px;\"><strong><strong>\u00a0\u00a0\u00a0\u00a0\u00a0\u00a0\u00a0\u00a0\u00a0<\/strong><\/strong><\/td>\n<td style=\"width: 355.69px;\"><strong><strong>T\u00e4tigkeiten an Instituten:<\/strong><\/strong>\u00a0Vormals:<\/p>\n<ul>\n<li>Ferienwochen (Organisation \u00fcber Thomas Behnke, Marc Kuhn\/SVHP, Migros Biel)<\/li>\n<\/ul>\n<p>Sporadisch Wochenende und Wochenkurse:<\/p>\n<ul>\n<li>Studentenzentrum in Fribourg<\/li>\n<li>Seminar f\u00fcr Hauswirtschafts-Lehrerinnen in Bern<\/li>\n<li>EUG in Bern<\/li>\n<li>Qi- Zentrum in Z\u00fcrich-Dietikon ZH<\/li>\n<li>Heute:<br \/>\nFerienwochen und Wochenende in eigener Regie.<\/li>\n<\/ul>\n<\/td>\n<td style=\"width: 85.77px;\">\u00a0<a href=\"http:\/\/www.taichi-lueth.ch\/wp-content\/uploads\/2011\/12\/portrait2.jpg\"><img loading=\"lazy\" decoding=\"async\" class=\"alignright size-full wp-image-222\" title=\"portrait2\" src=\"http:\/\/www.taichi-lueth.ch\/wp-content\/uploads\/2011\/12\/portrait2.jpg\" alt=\"\" width=\"194\" height=\"295\" \/><\/a><\/td>\n<\/tr>\n<\/tbody>\n<\/table>\n<p>&nbsp;<\/p>\n","protected":false},"excerpt":{"rendered":"<p>Beruflicher Werdegang Jahrgang 1952 Erstausbildung:\u00a0Jurastudium an der Universit\u00e4t Bern, Abschluss mit F\u00fcrsprecher Examen, w\u00e4hrend 3 Jahren als Juristin t\u00e4tig. Weiterbildung: 1977-1987 W\u00e4hrend des Studiums Kennenlernen des Tai Chi und Qigong. Daraufhin Start einer 10-j\u00e4hrigen kontinuierlichen Ausbildung bei folgenden Lehrern: Kurt Dreyer: Tai Chi (Tai Chi Chuan) Hans-Peter Sibler und Chungliang Al Huang: Erlernen der Wu [&hellip;]<\/p>\n","protected":false},"author":3,"featured_media":0,"parent":32,"menu_order":0,"comment_status":"closed","ping_status":"closed","template":"","meta":{"footnotes":""},"class_list":["post-50","page","type-page","status-publish","hentry"],"_links":{"self":[{"href":"https:\/\/www.taichi-lueth.ch\/index.php?rest_route=\/wp\/v2\/pages\/50","targetHints":{"allow":["GET"]}}],"collection":[{"href":"https:\/\/www.taichi-lueth.ch\/index.php?rest_route=\/wp\/v2\/pages"}],"about":[{"href":"https:\/\/www.taichi-lueth.ch\/index.php?rest_route=\/wp\/v2\/types\/page"}],"author":[{"embeddable":true,"href":"https:\/\/www.taichi-lueth.ch\/index.php?rest_route=\/wp\/v2\/users\/3"}],"replies":[{"embeddable":true,"href":"https:\/\/www.taichi-lueth.ch\/index.php?rest_route=%2Fwp%2Fv2%2Fcomments&post=50"}],"version-history":[{"count":28,"href":"https:\/\/www.taichi-lueth.ch\/index.php?rest_route=\/wp\/v2\/pages\/50\/revisions"}],"predecessor-version":[{"id":1117,"href":"https:\/\/www.taichi-lueth.ch\/index.php?rest_route=\/wp\/v2\/pages\/50\/revisions\/1117"}],"up":[{"embeddable":true,"href":"https:\/\/www.taichi-lueth.ch\/index.php?rest_route=\/wp\/v2\/pages\/32"}],"wp:attachment":[{"href":"https:\/\/www.taichi-lueth.ch\/index.php?rest_route=%2Fwp%2Fv2%2Fmedia&parent=50"}],"curies":[{"name":"wp","href":"https:\/\/api.w.org\/{rel}","templated":true}]}}